{"id":33,"date":"2019-12-28T09:17:56","date_gmt":"2019-12-28T08:17:56","guid":{"rendered":"http:\/\/www.talu.hu\/?page_id=33"},"modified":"2020-02-09T10:51:31","modified_gmt":"2020-02-09T09:51:31","slug":"tevekenysegek","status":"publish","type":"page","link":"https:\/\/www.talu.hu\/index.php\/tevekenysegek\/","title":{"rendered":"Szolg\u00e1ltat\u00e1sok"},"content":{"rendered":"<div id=\"pl-33\"  class=\"panel-layout\" ><div id=\"pg-33-0\"  class=\"panel-grid panel-has-style\" ><div class=\"panel-row-style panel-row-style-for-33-0\" ><div id=\"pgc-33-0-0\"  class=\"panel-grid-cell\" ><div id=\"panel-33-0-0-0\" class=\"so-panel widget widget_sow-editor panel-first-child\" data-index=\"0\" ><div class=\"panel-widget-style panel-widget-style-for-33-0-0-0\" ><div\n\t\t\t\n\t\t\tclass=\"so-widget-sow-editor so-widget-sow-editor-base\"\n\t\t\t\n\t\t><h3 class=\"widget-title\">V\u00e9gpontv\u00e9delmi rendszer<\/h3>\n<div class=\"siteorigin-widget-tinymce textwidget\">\n\t<p class=\"text-white\">Lorem ipsum dolor sit amet, consectetur adipiscing elit. Etiam commodo facilisis ante, vel mattis risus suscipit efficitur. Curabitur gravida urna justo, ut pulvinar nisl dictum ac. Praesent porta libero sed nibh iaculis vehicula. Duis ornare tempus tortor id rhoncus. Aenean non nunc sed tortor lacinia egestas.<\/p>\n<\/div>\n<\/div><\/div><\/div><div id=\"panel-33-0-0-1\" class=\"so-panel widget widget_sow-editor\" data-index=\"1\" ><div class=\"panel-widget-style panel-widget-style-for-33-0-0-1\" ><div\n\t\t\t\n\t\t\tclass=\"so-widget-sow-editor so-widget-sow-editor-base\"\n\t\t\t\n\t\t><h3 class=\"widget-title\">Biztons\u00e1gos felh\u0151 alap\u00fa t\u00e1rol\u00f3<\/h3>\n<div class=\"siteorigin-widget-tinymce textwidget\">\n\t<p class=\"text-white\">Lorem ipsum dolor sit amet, consectetur adipiscing elit. Etiam commodo facilisis ante, vel mattis risus suscipit efficitur. Curabitur gravida urna justo, ut pulvinar nisl dictum ac. Praesent porta libero sed nibh iaculis vehicula. Duis ornare tempus tortor id rhoncus. Aenean non nunc sed tortor lacinia egestas.<\/p>\n<\/div>\n<\/div><\/div><\/div><div id=\"panel-33-0-0-2\" class=\"so-panel widget widget_sow-editor panel-last-child\" data-index=\"2\" ><div class=\"panel-widget-style panel-widget-style-for-33-0-0-2\" ><div\n\t\t\t\n\t\t\tclass=\"so-widget-sow-editor so-widget-sow-editor-base\"\n\t\t\t\n\t\t><h3 class=\"widget-title\">Video megfigyel\u0151 rendszer<\/h3>\n<div class=\"siteorigin-widget-tinymce textwidget\">\n\t<p class=\"text-white\">Lorem ipsum dolor sit amet, consectetur adipiscing elit. Etiam commodo facilisis ante, vel mattis risus suscipit efficitur. Curabitur gravida urna justo, ut pulvinar nisl dictum ac. Praesent porta libero sed nibh iaculis vehicula. Duis ornare tempus tortor id rhoncus. Aenean non nunc sed tortor lacinia egestas.<\/p>\n<\/div>\n<\/div><\/div><\/div><\/div><div id=\"pgc-33-0-1\"  class=\"panel-grid-cell\" ><div class=\"panel-cell-style panel-cell-style-for-33-0-1\" ><div id=\"panel-33-0-1-0\" class=\"so-panel widget widget_sow-editor panel-first-child panel-last-child\" data-index=\"3\" ><div\n\t\t\t\n\t\t\tclass=\"so-widget-sow-editor so-widget-sow-editor-base\"\n\t\t\t\n\t\t>\n<div class=\"siteorigin-widget-tinymce textwidget\">\n\t<p>&nbsp;<\/p>\n<p>&nbsp;<\/p>\n<p>&nbsp;<\/p>\n<p>&nbsp;<\/p>\n<p>&nbsp;<\/p>\n<p>&nbsp;<\/p>\n<p>&nbsp;<\/p>\n<p>&nbsp;<\/p>\n<p>&nbsp;<\/p>\n<p>&nbsp;<\/p>\n<p>&nbsp;<\/p>\n<p>&nbsp;<\/p>\n<p>&nbsp;<\/p>\n<p>&nbsp;<\/p>\n<p>&nbsp;<\/p>\n<p>&nbsp;<\/p>\n<p>&nbsp;<\/p>\n<\/div>\n<\/div><\/div><\/div><\/div><\/div><\/div><div id=\"pg-33-1\"  class=\"panel-grid panel-no-style\" ><div id=\"pgc-33-1-0\"  class=\"panel-grid-cell\" ><div class=\"panel-cell-style panel-cell-style-for-33-1-0\" ><div id=\"panel-33-1-0-0\" class=\"so-panel widget widget_sow-editor panel-first-child panel-last-child\" data-index=\"4\" ><div\n\t\t\t\n\t\t\tclass=\"so-widget-sow-editor so-widget-sow-editor-base\"\n\t\t\t\n\t\t>\n<div class=\"siteorigin-widget-tinymce textwidget\">\n\t<p>&nbsp;<\/p>\n<p>&nbsp;<\/p>\n<p>&nbsp;<\/p>\n<p>&nbsp;<\/p>\n<p>&nbsp;<\/p>\n<p>&nbsp;<\/p>\n<p>&nbsp;<\/p>\n<p>&nbsp;<\/p>\n<p>&nbsp;<\/p>\n<p>&nbsp;<\/p>\n<p>&nbsp;<\/p>\n<p>&nbsp;<\/p>\n<p>&nbsp;<\/p>\n<p>&nbsp;<\/p>\n<p>&nbsp;<\/p>\n<p>&nbsp;<\/p>\n<p>&nbsp;<\/p>\n<\/div>\n<\/div><\/div><\/div><\/div><div id=\"pgc-33-1-1\"  class=\"panel-grid-cell\" ><div id=\"panel-33-1-1-0\" class=\"so-panel widget widget_sow-editor panel-first-child\" data-index=\"5\" ><div class=\"panel-widget-style panel-widget-style-for-33-1-1-0\" ><div\n\t\t\t\n\t\t\tclass=\"so-widget-sow-editor so-widget-sow-editor-base\"\n\t\t\t\n\t\t><h3 class=\"widget-title\">Bel\u00e9ptet\u0151 rendszer<\/h3>\n<div class=\"siteorigin-widget-tinymce textwidget\">\n\t<p>Lorem ipsum dolor sit amet, consectetur adipiscing elit. Etiam commodo facilisis ante, vel mattis risus suscipit efficitur. Curabitur gravida urna justo, ut pulvinar nisl dictum ac. Praesent porta libero sed nibh iaculis vehicula. Duis ornare tempus tortor id rhoncus. Aenean non nunc sed tortor lacinia egestas.<\/p>\n<\/div>\n<\/div><\/div><\/div><div id=\"panel-33-1-1-1\" class=\"so-panel widget widget_sow-editor\" data-index=\"6\" ><div class=\"panel-widget-style panel-widget-style-for-33-1-1-1\" ><div\n\t\t\t\n\t\t\tclass=\"so-widget-sow-editor so-widget-sow-editor-base\"\n\t\t\t\n\t\t><h3 class=\"widget-title\">Informatikai rendszerek<\/h3>\n<div class=\"siteorigin-widget-tinymce textwidget\">\n\t<p>Lorem ipsum dolor sit amet, consectetur adipiscing elit. Etiam commodo facilisis ante, vel mattis risus suscipit efficitur. Curabitur gravida urna justo, ut pulvinar nisl dictum ac. Praesent porta libero sed nibh iaculis vehicula. Duis ornare tempus tortor id rhoncus. Aenean non nunc sed tortor lacinia egestas.<\/p>\n<\/div>\n<\/div><\/div><\/div><div id=\"panel-33-1-1-2\" class=\"so-panel widget widget_sow-editor panel-last-child\" data-index=\"7\" ><div class=\"panel-widget-style panel-widget-style-for-33-1-1-2\" ><div\n\t\t\t\n\t\t\tclass=\"so-widget-sow-editor so-widget-sow-editor-base\"\n\t\t\t\n\t\t><h3 class=\"widget-title\">Kommunik\u00e1ci\u00f3s alh\u00e1l\u00f3zati rendszerek<\/h3>\n<div class=\"siteorigin-widget-tinymce textwidget\">\n\t<p>Lorem ipsum dolor sit amet, consectetur adipiscing elit. Etiam commodo facilisis ante, vel mattis risus suscipit efficitur. Curabitur gravida urna justo, ut pulvinar nisl dictum ac. Praesent porta libero sed nibh iaculis vehicula. Duis ornare tempus tortor id rhoncus. Aenean non nunc sed tortor lacinia egestas.<\/p>\n<\/div>\n<\/div><\/div><\/div><\/div><\/div><\/div>","protected":false},"excerpt":{"rendered":"<p>Lorem ipsum dolor sit amet, consectetur adipiscing elit. Etiam commodo facilisis ante, vel mattis risus suscipit efficitur. Curabitur gravida urna justo, ut pulvinar nisl dictum ac. Praesent porta libero sed nibh iaculis vehicula. Duis ornare tempus tortor id rhoncus. Aenean non nunc sed tortor lacinia egestas. Lorem ipsum dolor sit amet, consectetur adipiscing elit. Etiam [&hellip;]<\/p>\n","protected":false},"author":2,"featured_media":61,"parent":0,"menu_order":0,"comment_status":"closed","ping_status":"closed","template":"","meta":[],"_links":{"self":[{"href":"https:\/\/www.talu.hu\/index.php\/wp-json\/wp\/v2\/pages\/33"}],"collection":[{"href":"https:\/\/www.talu.hu\/index.php\/wp-json\/wp\/v2\/pages"}],"about":[{"href":"https:\/\/www.talu.hu\/index.php\/wp-json\/wp\/v2\/types\/page"}],"author":[{"embeddable":true,"href":"https:\/\/www.talu.hu\/index.php\/wp-json\/wp\/v2\/users\/2"}],"replies":[{"embeddable":true,"href":"https:\/\/www.talu.hu\/index.php\/wp-json\/wp\/v2\/comments?post=33"}],"version-history":[{"count":91,"href":"https:\/\/www.talu.hu\/index.php\/wp-json\/wp\/v2\/pages\/33\/revisions"}],"predecessor-version":[{"id":145,"href":"https:\/\/www.talu.hu\/index.php\/wp-json\/wp\/v2\/pages\/33\/revisions\/145"}],"wp:featuredmedia":[{"embeddable":true,"href":"https:\/\/www.talu.hu\/index.php\/wp-json\/wp\/v2\/media\/61"}],"wp:attachment":[{"href":"https:\/\/www.talu.hu\/index.php\/wp-json\/wp\/v2\/media?parent=33"}],"curies":[{"name":"wp","href":"https:\/\/api.w.org\/{rel}","templated":true}]}}